the tens digit of k?
7
Let u(j) = -5*j**3 + 8*j**2 + 20*j + 8. Let v be u(-4). Let t = v - 322. What is the tens digit of t?
5
Suppose 56 = 3*y - 76. Let t = 44 - y. Suppose t = 8*x - 11*x + 204. What is the units digit of x?
8
Let i(r) = r**2 - 8*r. Let n be i(8). Suppose -4*k - 8 = -2*t - n*k, t - 8 = -2*k. Suppose 3*f - x = t*f - 364, -5*x = -2*f + 237. What is the units digit of f?
1
What is the hundreds digit of (3 - (3 + 5)) + -2 - -13181?
1
Let v be 28*3*(-4)/144*-51. Let h = v + -40. What is the hundreds digit of (2 + 0)*h + -4?
1
Suppose -17*t + 99 = -50*t. What is the tens digit of (6/t - -53)/(3/33)?
6
Let x(v) = 16*v**2 - 5*v + 1. Let j be x(1). Suppose -2*o - 12 = j. What is the hundreds digit of (-2)/((o/(-3))/(-500))?
2
Suppose -i + 0 = -3. Suppose -183 + 0 = -i*v. What is the units digit of v?
1
Suppose -d - 122 - 354 = -3*n, -472 = -3*n + 2*d. Suppose -4*t - t - 390 = -5*i, 2*i = t + n. Let a = i + -5. What is the tens digit of a?
7
Let h(o) = 4*o**2 + 27*o + 5470. What is the units digit of h(0)?
0
Let y = -1584 - -6727. What is the tens digit of y?
4
Suppose -9701 - 13903 = -4*g + 4*n, -11806 = -2*g + 4*n. What is the units digit of g?
9
Suppose 16 = 4*m, 2*u - 15849 - 4843 = 4*m. What is the ten thousands digit of u?
1
Suppose -3*i - 503 = -2*r, -2*i + 7*i = 3*r - 757. Let q = 176 + r. What is the tens digit of q?
2
Suppose -1666*x - 320740 = -1701*x. What is the units digit of x?
4
Let b(o) = -o**2 + o + 22. Let z be b(5). Suppose 3*k - 3908 = m, -2608 = -12*k + 10*k + z*m. What is the hundreds digit of k?
3
What is the tens digit of 48/(-416)*(-8)/6 - (-32576)/13?
0
Let n = 190 + -66. What is the tens digit of n/(-6)*(-19 + 4) + 2?
1
Suppose 20*h + 136 = 1576. Let m = h - -27. What is the units digit of m?
9
Suppose 0*m + 2*r = -4*m + 74, 38 = 2*m + 2*r. Let v = m + -10. What is the units digit of ((-102)/v)/(3/(-12))?
1
Let j(z) = -3*z**3 - 131*z**2 + 68*z - 77. What is the ten thousands digit of j(-49)?
3
Suppose -s + 4*h = 18 + 125, 4*s - h = -647. Let m be (11468/36 - -2) + 32/72. Let v = m + s. What is the tens digit of v?
5
Suppose 4*x - 3*x - 4 = 0. Suppose -x*q = 2*t - 14, q + 6 - 20 = 3*t. Suppose -7*b + 3*g + 531 = -q*b, -3*g + 3 = 0. What is the tens digit of b?
6
Suppose 233*j - 543466 = 59*j + 1371056. What is the thousands digit of j?
1
Suppose -14*c + 10314 = -5576. Let w = -638 + c. What is the hundreds digit of w?
4
Suppose 7*c + 3*c - 70 = 0. Suppose -c*f + 14 + 0 = 0. What is the units digit of 30/(f/(16/6))?
0
Suppose -33*h + 31 + 167 = 0. What is the units digit of 70/(-4)*(-276)/h*1?
5
Let p be 8 + 0*(-2)/(-6) + -2. Let v be ((-8)/p)/((-12)/126). Suppose 17*t - v*t = 33. What is the units digit of t?
1
Suppose -15*b + 187 = -68. Suppose b*o = 479 + 2088. What is the units digit of o?
1
Suppose 2*t + 2*t + 180 = 0. Let o be (3/(-2))/((t/12)/5). Suppose -o*m + 274 = -0*v + 4*v, 1 = m. What is the tens digit of v?
6
Let d(r) = -2 - 13*r**2 + 5*r**3 - 13*r**3 + 16*r + 9*r**3 + 5. Let i be d(12). Let s = -42 + i. What is the units digit of s?
9
Suppose -19*y + 15*y = -4*g + 984, 0 = y + 1. What is the hundreds digit of g?
2
Let y(q) = -46*q + 37. Let x(a) = 1. Let d(f) = 4*x(f) + y(f). What is the units digit of d(-6)?
7
Let i(m) = 20*m**2 + 4*m - 58. Let w be i(-11). Suppose -4*x - 33*u + 4580 = -29*u, -5*u - w = -2*x. What is the hundreds digit of x?
1
Let h(r) = r**3 + 7*r**2 + 13*r + 6. Let t = -53 + 49. Let u be h(t). Suppose u*f + 2*b - 448 = 0, -4*b + 896 = 4*f + b. What is the hundreds digit of f?
2
Suppose -8*i + 1872 = -2392. Let r = 912 - i. What is the units digit of r?
9
Let o = -4258 + 15129. What is the thousands digit of o?
0
Let z(l) = 9*l**2 - 6*l - 14. Let u be z(-4). Suppose -8*g + 14 = -u. What is the units digit of g?
1
Let h be (-3393)/(-52) + 6/8. Suppose 2*a - 4*a = -348. Suppose -5*g + h = -a. What is the tens digit of g?
4
Suppose 210*t + 7924 = v + 206*t, -v + 7978 = 5*t. What is the hundreds digit of v?
9
Let h(n) = -2*n**3 + 37*n**2 + 28*n - 19. Suppose -g + 18 = 21. Let z be (g/1)/(32/38 + -1). What is the tens digit of h(z)?
5
Let k(w) = -2*w - 2. Let t be k(-1). Suppose -2*o = j - 6*o + 127, 3*j + 4*o + 445 = t. Let m = j + 349. What is the tens digit of m?
0
Let y be ((-25)/15 + 1)/((-5)/30). Suppose s - y*k - 989 = 0, 4*s + 2*k = 3*s + 989. What is the hundreds digit of s?
9
Suppose 0 = 5*x - 15, -4*h - 36 = 4*x - 8*x. What is the hundreds digit of (-44)/(-66) - 1262/h?
2
Let r = -26432 + 73328. What is the hundreds digit of r?
8
Suppose 7*v + 1435 = 12*v. What is the tens digit of v + (-6 - (-17 + 6))?
9
Let h = -11753 + 53606. What is the hundreds digit of h?
8
Suppose -25*l + 86578 - 52374 = -275646. What is the ten thousands digit of l?
1
Let p(i) = i**2 - 17*i + 21. Let q(g) = 10*g - 24. Let j be q(4). Let t be p(j). Suppose 3*b = -4*r + 518, -3*r + 665 = 2*r - t*b. What is the tens digit of r?
3
Suppose -6*b = 829 - 4249. Suppose 10*v = 5*v + b. Let a = -36 + v. What is the tens digit of a?
7
Suppose 20*u = -5*n + 24*u + 67439, 2*u = 3*n - 40463. What is the tens digit of n?
8
Let l(q) = -8*q + 8228. What is the tens digit of l(-101)?
3
Let l(r) = 1367*r - 1121. What is the ten thousands digit of l(15)?
1
Let c(p) be the second derivative of -2*p**3 - p**2 + p. Let g be 4/(-8)*4 + 6 + -10. What is the tens digit of c(g)?
7
Suppose i + 20 = -4*i. What is the hundreds digit of i - (-12085)/30 - (-1)/6?
3
Let n be (3 - 2)*31/(-1). Let w = -19 - -77. Let t = n + w. What is the units digit of t?
7
Let h be (-3 + 45/35)/(4/126). Let b be ((-13)/3 - -4)*h. What is the units digit of (32/b - 2) + (-2874)/(-54)?
3
Let c(k) = 7762*k**2 + 29*k + 31. What is the tens digit of c(-1)?
6
Suppose -40*b + 386373 = 13*b - 87288. What is the units digit of b?
7
Let m = 224 + -103. Let n = m + 298. What is the units digit of n?
9
Let j = -14265 - -21670. What is the hundreds digit of j?
4
Let v(r) = r**3 - 14*r**2 - 16*r + 24. Let h be v(15). Let s = 147 - h. Let j = -87 + s. What is the tens digit of j?
5
Suppose 18*b + 28*b - 184 = 0. Suppose -b*i = 3*u - 2714, -905 = -u - 5*i + 4*i. What is the units digit of u?
6
Let t = 118187 - 62198. What is the thousands digit of t?
5
Suppose 3*j + 2*o - 3*o = 12, 2*j + 5 = 5*o. Suppose -4*h + 456 + 40 = 4*n, j*h = -4*n + 622. What is the tens digit of h?
2
Suppose 2*d - 4 - 6 = 0. Suppose -t - 73 = 2*b - 197, d*b = 5*t - 605. What is the hundreds digit of t?
1
Let s = -19884 - -36841. What is the thousands digit of s?
6
Let c(l) = 6*l - 17. Suppose 8*o - 3*o = 20. Let f be (o - (3 + 0))*7. What is the units digit of c(f)?
5
Let m be (-3)/9 - 3/(-9). Suppose 2*s - 64 = -m. Suppose -s - 28 = -5*v. What is the tens digit of v?
1
Suppose -1499 = -13*c + 7874. Let s = c + -283. What is the hundreds digit of s?
4
Suppose -32*p = -69838 + 2510. Suppose -4*w - 12 = -3*t, -4*w + 2*t - 4 = t. Suppose w = 10*i + 724 - p. What is the units digit of i?
8
Suppose -8*a = -12*a. Suppose -34*k + 35*k - 180 = a. What is the tens digit of k?
8
Let s = 45 - -142. Suppose -s*z + 784 = -180*z. What is the tens digit of z?
1
Let y(i) = 52*i + 29. Let g be ((-4)/4 + -2)/(-1). What is the tens digit of y(g)?
8
Let v(w) = 432*w**2 + 24*w + 53. What is the thousands digit of v(-3)?
3
Suppose -5*a + 229 = -2*a - 83933. What is the thousands digit of a?
8
Let d(x) = x**2 - 6*x + 7. Let g be d(5). Let p be (-5 + 10 - 7) + 7. Suppose -4*a - p*u + 373 = 0, 3*a + g*u = u + 277. What is the tens digit of a?
9
Suppose -3831 + 411 = -5*u. What is the tens digit of u - ((-1)/(-3))/(3/9)?
8
Let n = -513 - -515. Suppose n*l - 1112 = 172. What is the tens digit of l?
4
Let p be 9*1/3*4. Let r be 1/((p/471)/4). Let j = r - 92. What is the tens digit of j?
6
Let t = -340 + 348. Suppose t*n + 415 = 8711. What is the units digit of n?
7
Let v(k) = 297*k - 1544. Let l be v(6). Let o = -3 + 12. Suppose -1256 - l = -o*d. What is the units digit of d?
6
Suppose 1795*o - 1762*o - 906048 = 0. What is the tens digit of o?
5
Let o = 1813 - -1828. What is the units digit of o?
1
What is the ten thousands digit of (5*(-1)/3 + 1)/(450/(-12829725))?
1
What is the tens digit of 2*19742/(-12)*(-124 + 103)?
9
Let r(o) = 12*o**3 + 7*o**2 + 5*o - 37. Let c(d) = 13*d**3 + 7*d**2 + 7*d - 36. Let q(u